28 - -298. What are the prime factors of v?
2, 47, 79
Suppose -7*x + 15148 + 4277 = 0. Suppose -3*l + 3*h + x = 0, -l - 4*h = -3*h - 935. List the prime factors of l.
2, 3, 5, 31
Let q(w) = 4*w + 2*w + 98 + 327 - 230. What are the prime factors of q(0)?
3, 5, 13
Let v(z) be the first derivative of -3*z**2/2 - 21*z + 11. Let w be v(-4). Let b(r) = r**3 + 10*r**2 + 7*r + 8. What are the prime factors of b(w)?
2, 13
Suppose -4*d + 24376 = 4*l, -4*l = 9*d - 8*d - 6088. List the prime factors of d.
2, 3, 127
Let x = 234 + -460. Let o be (-5)/(-3)*55857/215. Let t = o + x. List the prime factors of t.
3, 23
Let y = -181 + 180. List the prime factors of 2 + 281 + (-10 - -4 - y).
2, 139
Suppose -g + 5*a = -5005, -2*g + 4*a + 16775 - 6789 = 0. What are the prime factors of g?
5, 997
Let c(r) be the first derivative of -2*r**2 + 202*r + 127. What are the prime factors of c(21)?
2, 59
Suppose -i - i = -4*z - 2540, 3825 = 3*i - 3*z. What are the prime factors of (5 - i)*(-4)/10?
2, 3, 5, 17
Let v(n) = 93*n**2 - 5*n. Let c be v(-4). Suppose -b - u = -304, 4*b = -b + u + c. Suppose -5*x + 679 = -g - 76, 2*x = -4*g + b. List the prime factors of x.
151
Let j be 270/50 + ((-8)/(-5))/(-4). Let d = -56 - -120. Suppose -j*k + d = l, -k - k = 4. List the prime factors of l.
2, 37
Suppose 17*p - 208317 = 330443 - 137951. List the prime factors of p.
3, 29, 271
Suppose -133311 - 69753 = -4*v - z, -8*v = -2*z - 406128. List the prime factors of v.
2, 3, 8461
Let k(w) = -4*w**3 - w**2 + 2*w - 1. Let l be k(2). Let v be (1 + 2)*3025/l. Let y = v - -402. What are the prime factors of y?
127
Let w = 10 - -50. Suppose 4*q - 2*q - 4*x - 78 = 0, 2*x = -q + 31. Let k = w - q. What are the prime factors of k?
5
Let q = -23 - -26. Suppose 2*h - 1 = -5*f - 17, 0 = -q*h + 2*f - 5. List the prime factors of ((-16)/(-12)*h)/(2/(-4)).
2
Let p(j) = -8*j - 61. Let m be ((-37)/(-74))/(13/(-14) + 1). Suppose -m = 2*n + 21. What are the prime factors of p(n)?
3, 17
Let q(s) = -7*s**3 - 12*s**2 + 3*s + 19. Let u be (-25 + 30)*(-1 - 0). List the prime factors of q(u).
3, 193
Let u(z) = 19*z**2 - 98*z + 1013. List the prime factors of u(-50).
31, 1723
Let b = 41 - 27. Let o = 16 - b. Suppose -2*j = o*j - 376. List the prime factors of j.
2, 47
Let a(l) = 2*l - 20. Let q be a(11). Let p be 211/(1 + -1 + q + -1). Let j = -107 + p. List the prime factors of j.
2, 13
Suppose -2*b = 4*c + 1238, 0 = -2*b - 4*c + 3*c - 1247. Let a = -332 - b. List the prime factors of a.
293
Let l(z) = -3*z - 24. Suppose 4*b = -18 - 10. Let k be l(b). What are the prime factors of (-3 + k + -49)/(-1)?
5, 11
Let k = -402 - -1195. What are the prime factors of (0/5 - -3) + k?
2, 199
Let o(b) = 37*b - 39. Let j be o(15). Suppose -j = 10*s - 6*s. Let c = 30 - s. What are the prime factors of c?
3, 53
Suppose -4*p + 8 = -8. Let i = -394 + 909. Suppose -i = -l - p*l. List the prime factors of l.
103
Let k(y) = 3*y - 15*y**2 + 13 - 15 - 82*y**3 + 4 - 8*y. List the prime factors of k(-3).
2, 131
Let k(n) = -2*n + 2 + n**2 - 7*n - 3*n + 9*n. List the prime factors of k(-11).
2, 3, 13
Let n be -2 - 606/(-2)*(-7)/21. Let g = n + 145. Let v = g - 25. List the prime factors of v.
17
List the prime factors of (544/10 + -2)/(153/2295).
2, 3, 131
Let n be -34*2*(-21)/28. Let b = n + -44. Suppose -5*j + b + 52 = -2*c, c - 3 = 0. What are the prime factors of j?
13
Let p = -149 - -147. Let f(d) = -48*d - 6 - 7 + 3. What are the prime factors of f(p)?
2, 43
Let y(d) = -d**3 - 19*d**2 - 13*d - 33. Let x = -4 - 14. Let j be y(x). Let f = -121 - j. What are the prime factors of f?
2
Suppose -36*l + 40*l = -764. Let c = 304 + l. Let f = c + 13. List the prime factors of f.
2, 3, 7
Let y(b) = 311*b + 4. Suppose -3*l + 25 - 19 = 0. Let m be y(l). Suppose -4*k + 813 = n - 2*n, 3*k - 4*n = m. List the prime factors of k.
2, 101
Let v = 50 + -31. Let c be 7/1 - 19/v. List the prime factors of (c/1)/((-4)/(-22)).
3, 11
Let t(i) = -25*i - 27. Let j(n) = n**3 - 17*n**2 + 39*n + 19. Let o be j(14). List the prime factors of t(o).
2, 137
Suppose -4*s - 208 = -76. Let l = s + 37. Suppose 4*o - 300 = -l*q, 2*o + q - 379 = -3*o. List the prime factors of o.
2, 19
Let v be -17 + (-6)/((-18)/15). List the prime factors of (-1360)/v*(-84)/(-35).
2, 17
Suppose -2*g = 115*g - 869544. List the prime factors of g.
2, 929
Let j(y) = y**3 + y**2 + 4*y + 7. Let v be j(-2). Let m be 0*(-11)/55*v/2. Suppose 3*b + b - 408 = m. What are the prime factors of b?
2, 3, 17
Let s(i) = -8*i**3 - 13*i**2 + 10*i + 152. List the prime factors of s(-13).
15401
Let j(c) = c + 17. Let x be j(-8). Suppose -x*n = -3410 - 4798. List the prime factors of n.
2, 3, 19
Let t = 26644 - 16364. What are the prime factors of t?
2, 5, 257
Suppose j + 62 = -2*a + 4*a, -j - 34 = 5*a. Let q(c) = 11*c + 142. Let i be q(0). Let x = j + i. What are the prime factors of x?
2, 11
Let d(s) = -s**2 - 12*s - 27. Suppose 5*p + 4*k + 30 = 2, k = 4*p + 14. Let c be d(p). Suppose 7*a - c*a = 472. What are the prime factors of a?
2, 59
Suppose -3*p + 2*w - 7*w = -54515, -2*w - 90910 = -5*p. What are the prime factors of p?
2, 3, 5, 101
Suppose 3*a = -15, 5*b - 51949 - 99301 = -a. List the prime factors of b.
13, 179
Suppose 231 = -21*f + 32*f. Suppose 0 = -3*x - 2*x. Suppose x*q - f = -3*q. What are the prime factors of q?
7
Suppose -3*t - 2*v = -16988, 3*v + 4182 = t - 1477. What are the prime factors of t?
2, 19, 149
Suppose -950 = -17*p - 2*p. List the prime factors of p/4*(-6 - (-3388)/55).
5, 139
Let m(h) be the second derivative of -h**5/20 - h**4/12 - h**3 - 9*h**2/2 - 8*h. Let n be m(-4). What are the prime factors of n/(-6)*(-80)/15?
2, 7
Suppose 4*p + 405*y - 216740 = 404*y, 0 = -4*p + 5*y + 216692. List the prime factors of p.
3, 18061
Suppose 3*g = -3*z - 14532, -3*z + 2*z + 5*g = 4832. List the prime factors of 0 - 5/(-35) - z/14.
2, 173
Let p(b) be the second derivative of -1/10*b**5 + 0 + 13*b - 1/12*b**4 - 3/2*b**2 + 2/3*b**3. List the prime factors of p(-4).
3, 31
Let s = -131 - -151. Suppose 0*o - 3540 = -s*o. What are the prime factors of o?
3, 59
Suppose 24*n - 7206 = 32*n - 11*n. List the prime factors of n.
2, 1201
Let f(n) be the second derivative of -11*n**5/20 + 4*n**2 + 4*n - 7. What are the prime factors of f(-3)?
5, 61
Suppose 3*k = -2*k + 5020. Suppose -3*x - 4*g - k = 691, -5*x - 2825 = g. Let y = -308 - x. List the prime factors of y.
257
Let g(o) = 3*o**2 - 183*o + 64. List the prime factors of g(78).
2, 43, 47
What are the prime factors of -337729*(-15)/35*((-20)/30 + 1)?
48247
Let x(u) = -2361*u**3 - 8*u**2 - 7*u + 2. List the prime factors of x(-2).
2, 7, 337
Suppose q + 5*b - 10 = 0, -q + 3*b + 10 = b. Let a = q - 5. Suppose 4*x = 2*t + 350, 2*t = -0*x - a*x + 451. List the prime factors of x.
89
Let m(i) = 66*i**2 - 59*i - 1557. What are the prime factors of m(-23)?
2, 17, 1021
Suppose 4*q + q - 3*s - 25 = 0, 0 = -5*q + 5*s + 25. Let t(a) = 77*a**2 + 3*a - 8. Let b be t(q). Suppose 8*j + 4*j = b. List the prime factors of j.
7, 23
Suppose -11*x + 6 = -9*x. Suppose -3*a - x*y = -435, -4*a + 3*y = -166 - 421. Suppose 2*v = 6, -a = -2*j - 2*j + 2*v. List the prime factors of j.
2, 19
Let r(t) = 51*t**2 - 4*t + 4. Suppose 8*z = 2*z + 144. Suppose -16 = -4*o - z. List the prime factors of r(o).
2, 3
Let o = 13217 - 5897. List the prime factors of o.
2, 3, 5, 61
Let p(u) = 6*u - 8. Let a = -54 + 56. Let h be p(a). Suppose j - 384 = -h*j + 3*b, 0 = j + 3*b - 84. List the prime factors of j.
2, 3, 13
List the prime factors of (-35113)/(-22 - -9) - 0.
37, 73
Let u be 4*(1/(-1))/(18/(-18)). Suppose 0 = -u*i - 2*g + 150, g + 3*g = -4*i + 160. What are the prime factors of i?
5, 7
Let v be ((-304)/(-342))/((-6)/(-27)). Suppose p + p = 136. Let o = v + p. List the prime factors of o.
2, 3
Let f be (203/(-14))/((-4)/152). Suppose -s + t = 2*t - f, 3*s - 3*t = 1647. What are the prime factors of s?
2, 5, 11
Let f(z) = 79*z**2 + 31*z + 224. List the prime factors of f(-7).
2, 7, 277
Let b = -38 - -27. Let f be b/((-33)/10)*3. Suppose f*s - 206 = 8*s. What are the prime factors of s?
103
Let l(h) = -2375*h - 399. What are the prime factors of l(-3)?
2, 3, 19, 59
Let p be (-2477)/(-11) + 2/(-11). Let s = -161 + p. What are the prime factors of 0 + 177 + (s/8 - 5)?
2, 3, 5
Let 